{"id":26,"date":"2021-04-15T15:39:14","date_gmt":"2021-04-15T13:39:14","guid":{"rendered":"http:\/\/www.geosys.sk\/?page_id=26"},"modified":"2021-05-17T17:35:49","modified_gmt":"2021-05-17T15:35:49","slug":"kontakt","status":"publish","type":"page","link":"https:\/\/www.geosys.sk\/?page_id=26","title":{"rendered":"Kontakt"},"content":{"rendered":"\n<p class=\"has-black-color has-text-color has-medium-font-size\"><strong>S\u00eddlo spolo\u010dnosti:<\/strong>    <strong> GEOsys s.r.o.<\/strong><\/p>\n\n\n\n<p class=\"has-black-color has-text-color\">Rezedov\u00e1 25\/B<\/p>\n\n\n\n<p class=\"has-black-color has-text-color\">821 01 Bratislava<\/p>\n\n\n\n<p class=\"has-black-color has-text-color\">telef\u00f3n: (+421) 2 207 87 887<\/p>\n\n\n\n<p class=\"has-black-color has-text-color\">email: <a href=\"mailto:geosys@geosys.sk\">geosys@geosys.sk<\/a><\/p>\n\n\n\n<p class=\"has-black-color has-text-color\">Ing. \u0160tefan Brn\u010d\u00edk, (+421) 907 849 762,\u00a0 <a href=\"mailto:viktor.galik@geosys.sk\">stefan.brncik@geosys.sk<\/a> <\/p>\n\n\n\n<p class=\"has-black-color has-text-color\">Ing. Talarovi\u010d Martin, (+421) 905 311 073, <a href=\"mailto:martin.talarovic@geosys.sk\">martin.talarovic@geosys.sk<\/a><\/p>\n\n\n\n\n\n<p><\/p>\n\n\n\n<p><\/p>\n\n\n\n<p><\/p>\n\n\n\n<p><\/p>\n\n\n\n<p><\/p>\n\n\n\n<p><\/p>\n\n\n\n<p><\/p>\n\n\n\n<p><\/p>\n\n\n\n<p class=\"has-black-color has-text-color\">Pobo\u010dka:  GEOsys s.r.o.<\/p>\n\n\n\n<p class=\"has-black-color has-text-color\">Radlinsk\u00e9ho 21<\/p>\n\n\n\n<p class=\"has-black-color has-text-color\">\u017dilina<\/p>\n\n\n","protected":false},"excerpt":{"rendered":"<p>S\u00eddlo spolo\u010dnosti: GEOsys s.r.o. Rezedov\u00e1 25\/B 821 01 Bratislava telef\u00f3n: (+421) 2 207 87 887 email: geosys@geosys.sk Ing. \u0160tefan Brn\u010d\u00edk, (+421) 907 849 762,\u00a0 stefan.brncik@geosys.sk Ing. Talarovi\u010d Martin, (+421) 905 311 073, martin.talarovic@geosys.sk Pobo\u010dka: GEOsys s.r.o. Radlinsk\u00e9ho 21 \u017dilina<\/p>\n","protected":false},"author":1,"featured_media":0,"parent":0,"menu_order":0,"comment_status":"closed","ping_status":"closed","template":"","meta":{"footnotes":""},"class_list":["post-26","page","type-page","status-publish","hentry"],"_links":{"self":[{"href":"https:\/\/www.geosys.sk\/index.php?rest_route=\/wp\/v2\/pages\/26","targetHints":{"allow":["GET"]}}],"collection":[{"href":"https:\/\/www.geosys.sk\/index.php?rest_route=\/wp\/v2\/pages"}],"about":[{"href":"https:\/\/www.geosys.sk\/index.php?rest_route=\/wp\/v2\/types\/page"}],"author":[{"embeddable":true,"href":"https:\/\/www.geosys.sk\/index.php?rest_route=\/wp\/v2\/users\/1"}],"replies":[{"embeddable":true,"href":"https:\/\/www.geosys.sk\/index.php?rest_route=%2Fwp%2Fv2%2Fcomments&post=26"}],"version-history":[{"count":7,"href":"https:\/\/www.geosys.sk\/index.php?rest_route=\/wp\/v2\/pages\/26\/revisions"}],"predecessor-version":[{"id":305,"href":"https:\/\/www.geosys.sk\/index.php?rest_route=\/wp\/v2\/pages\/26\/revisions\/305"}],"wp:attachment":[{"href":"https:\/\/www.geosys.sk\/index.php?rest_route=%2Fwp%2Fv2%2Fmedia&parent=26"}],"curies":[{"name":"wp","href":"https:\/\/api.w.org\/{rel}","templated":true}]}}